{"id":49,"date":"2025-05-09T13:34:02","date_gmt":"2025-05-09T11:34:02","guid":{"rendered":"http:\/\/andamioscolma.com\/?page_id=49"},"modified":"2025-05-14T12:51:28","modified_gmt":"2025-05-14T10:51:28","slug":"civil-edificacion","status":"publish","type":"page","link":"https:\/\/andamioscolma.com\/index.php\/civil-edificacion\/","title":{"rendered":"Civil\/Edificaci\u00f3n"},"content":{"rendered":"\n<div class=\"wp-block-columns is-layout-flex wp-container-core-columns-is-layout-9d6595d7 wp-block-columns-is-layout-flex\">\n<div class=\"wp-block-column is-layout-flow wp-block-column-is-layout-flow\">\n<p><strong><mark style=\"background-color:rgba(0, 0, 0, 0)\" class=\"has-inline-color has-black-color\">ANDAMIOS DE FACHADA:<\/mark><\/strong><mark style=\"background-color:rgba(0, 0, 0, 0)\" class=\"has-inline-color has-black-color\"><strong>&nbsp;<\/strong>Los andamios de trabajo prefabricados, sistema modular son estructuras tubulares provisionales para proporcionar un lugar de trabajo, de paso, o de protecci\u00f3n seguro para la construcci\u00f3n, mantenimiento industrial, construcci\u00f3n naval, reparaci\u00f3n o demolici\u00f3n de edificios. Seg\u00fan se haya definido su uso, los andamios pueden cumplir la funci\u00f3n de habilitar superficies de trabajo, protecci\u00f3n horizontal o perimetral, de servicio para circulaci\u00f3n de operarios y materiales conectando diferentes zonas.<\/mark><br><br><br><br><\/p>\n<\/div>\n\n\n\n<div class=\"wp-block-column is-layout-flow wp-block-column-is-layout-flow\">\n<div class=\"wp-block-group is-content-justification-center is-nowrap is-layout-flex wp-container-core-group-is-layout-94bc23d7 wp-block-group-is-layout-flex\">\n<div style=\"height:100px;width:0px\" aria-hidden=\"true\" class=\"wp-block-spacer wp-container-content-6388d5dc\"><\/div>\n\n\n\n<figure class=\"wp-block-image size-full is-resized\"><img loading=\"lazy\" decoding=\"async\" width=\"853\" height=\"480\" src=\"http:\/\/andamioscolma.com\/wp-content\/uploads\/2025\/05\/Civil-Edificacion.jpg\" alt=\"\" class=\"wp-image-31\" style=\"width:370px;height:auto\" srcset=\"https:\/\/andamioscolma.com\/wp-content\/uploads\/2025\/05\/Civil-Edificacion.jpg 853w, https:\/\/andamioscolma.com\/wp-content\/uploads\/2025\/05\/Civil-Edificacion-300x169.jpg 300w, https:\/\/andamioscolma.com\/wp-content\/uploads\/2025\/05\/Civil-Edificacion-768x432.jpg 768w\" sizes=\"auto, (max-width: 853px) 100vw, 853px\" \/><\/figure>\n<\/div>\n<\/div>\n<\/div>\n\n\n\n<div class=\"wp-block-columns is-layout-flex wp-container-core-columns-is-layout-9d6595d7 wp-block-columns-is-layout-flex\">\n<div class=\"wp-block-column is-layout-flow wp-block-column-is-layout-flow\"><div class=\"wp-block-image\">\n<figure class=\"aligncenter size-full is-resized\"><img loading=\"lazy\" decoding=\"async\" width=\"341\" height=\"423\" src=\"http:\/\/andamioscolma.com\/wp-content\/uploads\/2025\/05\/image-1.png\" alt=\"\" class=\"wp-image-195\" style=\"width:276px;height:auto\" srcset=\"https:\/\/andamioscolma.com\/wp-content\/uploads\/2025\/05\/image-1.png 341w, https:\/\/andamioscolma.com\/wp-content\/uploads\/2025\/05\/image-1-242x300.png 242w\" sizes=\"auto, (max-width: 341px) 100vw, 341px\" \/><\/figure>\n<\/div><\/div>\n\n\n\n<div class=\"wp-block-column is-layout-flow wp-block-column-is-layout-flow\">\n<p><\/p>\n\n\n\n<p><\/p>\n\n\n\n<p><strong><mark style=\"background-color:rgba(0, 0, 0, 0)\" class=\"has-inline-color has-black-color\">ANDAMIO MULTIDIRECCIONAL:<\/mark><\/strong><mark style=\"background-color:rgba(0, 0, 0, 0)\" class=\"has-inline-color has-black-color\"><strong>\u00a0<\/strong>El andamio multidireccional est\u00e1 dise\u00f1ado para dar respuesta a    las necesidades de montaje m\u00e1s complejas. Su gran capacidad de carga y una amplia gama de piezas le confieren versatilidad de uso, permitiendo la adaptaci\u00f3n del mismo a las estructuras m\u00e1s dif\u00edciles. Dispone de barandilla de seguridad permanente para garantizar la seguridad del usuario en todo momento. El fundamento esencial del sistema est\u00e1 basado en las uniones verticales con anillos de 8 posiciones a intervalos de 50 cm, donde se unen las horizontales y las diagonales.<\/mark><br><br><br><br><br><br><br><br><\/p>\n<\/div>\n<\/div>\n\n\n\n<div class=\"wp-block-columns is-layout-flex wp-container-core-columns-is-layout-9d6595d7 wp-block-columns-is-layout-flex\">\n<div class=\"wp-block-column is-layout-flow wp-block-column-is-layout-flow\">\n<p><\/p>\n\n\n\n<p><\/p>\n\n\n\n<p><strong><mark style=\"background-color:rgba(0, 0, 0, 0)\" class=\"has-inline-color has-black-color\">CIMBRAS:<\/mark><\/strong><mark style=\"background-color:rgba(0, 0, 0, 0)\" class=\"has-inline-color has-black-color\"><strong>\u00a0<\/strong>Las cimbras son estructuras auxiliares empleadas como sistema de Apoyo y sustentaci\u00f3n provisional para la ejecuci\u00f3n de estructuras de hormig\u00f3n en obras de edificaci\u00f3n y obras civiles, as\u00ed como de otras estructuras (por ejemplo, sistemas de encofrado, escenarios, etc.). Las funciones principales de este equipo de trabajo son las siguientes: \u2022 Soportar las cargas al verter el hormig\u00f3n en estado fresco y hasta que \u00e9ste haya alcanzado la resistencia adecuada. \u2022 Absorber las cargas de elementos estructurales, instalaciones y equipos que surgen durante la construcci\u00f3n. \u2022 Dar soporte temporal a los elementos estructurales, materiales, y equipos que se empleen durante la ejecuci\u00f3n.<\/mark><br><br><br><br><br><br><br><\/p>\n<\/div>\n\n\n\n<div class=\"wp-block-column is-layout-flow wp-block-column-is-layout-flow\">\n<div class=\"wp-block-group is-content-justification-center is-nowrap is-layout-flex wp-container-core-group-is-layout-94bc23d7 wp-block-group-is-layout-flex\">\n<div style=\"height:100px;width:0px\" aria-hidden=\"true\" class=\"wp-block-spacer wp-container-content-6388d5dc\"><\/div>\n\n\n\n<figure class=\"wp-block-image size-full is-resized\"><img loading=\"lazy\" decoding=\"async\" width=\"360\" height=\"480\" src=\"http:\/\/andamioscolma.com\/wp-content\/uploads\/2025\/05\/image-2.png\" alt=\"\" class=\"wp-image-199\" style=\"width:228px;height:auto\" srcset=\"https:\/\/andamioscolma.com\/wp-content\/uploads\/2025\/05\/image-2.png 360w, https:\/\/andamioscolma.com\/wp-content\/uploads\/2025\/05\/image-2-225x300.png 225w\" sizes=\"auto, (max-width: 360px) 100vw, 360px\" \/><\/figure>\n<\/div>\n<\/div>\n<\/div>\n\n\n\n<div class=\"wp-block-columns is-layout-flex wp-container-core-columns-is-layout-9d6595d7 wp-block-columns-is-layout-flex\">\n<div class=\"wp-block-column is-layout-flow wp-block-column-is-layout-flow\">\n<div class=\"wp-block-group is-content-justification-center is-nowrap is-layout-flex wp-container-core-group-is-layout-94bc23d7 wp-block-group-is-layout-flex\">\n<figure class=\"wp-block-image is-resized\"><img decoding=\"async\" src=\"https:\/\/www.andamioscolma.com\/sites\/default\/files\/galeria\/torres.jpg\" alt=\"\" style=\"width:308px;height:auto\"\/><\/figure>\n\n\n\n<div style=\"height:100px;width:0px\" aria-hidden=\"true\" class=\"wp-block-spacer wp-container-content-9760934e\"><\/div>\n<\/div>\n<\/div>\n\n\n\n<div class=\"wp-block-column is-layout-flow wp-block-column-is-layout-flow\">\n<p><strong><mark style=\"background-color:rgba(0, 0, 0, 0)\" class=\"has-inline-color has-black-color\">TORRES DE ACCESO:<\/mark><\/strong><mark style=\"background-color:rgba(0, 0, 0, 0)\" class=\"has-inline-color has-black-color\"><strong>&nbsp;<\/strong>Las torres de acceso son estructuras de andamio tubular montadas utilizando elementos prefabricados y capaces de salvar diferentes desniveles con la \u00fanica finalidad de facilitar el tr\u00e1nsito entre diferentes alturas en la construcci\u00f3n, la industria y la rehabilitaci\u00f3n principalmente, ofreciendo una c\u00f3moda superficie de paso y acorde capacidad de carga. El conjunto m\u00e1s simple se apoya sobre cuatro montantes verticales nivelados con la ayuda de cuatro husillos de adecuada capacidad de carga, que se completa con los tramos de escalera y opcionalmente con plataformas para crear rellanos y facilitar la circulaci\u00f3n. Torre de acceso en paralelo en un sistema de andamio multidireccional.<\/mark><br><br><br><br><\/p>\n<\/div>\n<\/div>\n\n\n\n<div class=\"wp-block-columns is-layout-flex wp-container-core-columns-is-layout-9d6595d7 wp-block-columns-is-layout-flex\">\n<div class=\"wp-block-column is-layout-flow wp-block-column-is-layout-flow\">\n<p><strong><mark style=\"background-color:rgba(0, 0, 0, 0)\" class=\"has-inline-color has-black-color\">TORRRES MOVILES:<\/mark><\/strong><mark style=\"background-color:rgba(0, 0, 0, 0)\" class=\"has-inline-color has-black-color\">&nbsp;En la industria en general y en el sector de la construcci\u00f3n en particular, existen cantidad de trabajos de acabado, reparaci\u00f3n y mantenimiento en los que no est\u00e1 justificado el montaje de un andamio fijo, pero s\u00ed la utilizaci\u00f3n de una torre de trabajo m\u00f3vil; este equipo se monta con relativa facilidad y al poder trasladarse puede estar permanentemente montado.<\/mark><br><br><\/p>\n<\/div>\n\n\n\n<div class=\"wp-block-column is-layout-flow wp-block-column-is-layout-flow\">\n<div class=\"wp-block-group is-content-justification-center is-nowrap is-layout-flex wp-container-core-group-is-layout-94bc23d7 wp-block-group-is-layout-flex\">\n<div style=\"height:100px;width:0px\" aria-hidden=\"true\" class=\"wp-block-spacer wp-container-content-6388d5dc\"><\/div>\n\n\n\n<figure class=\"wp-block-image is-resized\"><img decoding=\"async\" src=\"https:\/\/www.andamioscolma.com\/sites\/default\/files\/galeria\/movil.jpg\" alt=\"\" style=\"width:304px;height:auto\"\/><\/figure>\n<\/div>\n<\/div>\n<\/div>\n","protected":false},"excerpt":{"rendered":"<p>ANDAMIOS DE FACHADA:&nbsp;Los andamios de trabajo prefabricados, sistema modular son estructuras tubulares provisionales para proporcionar un lugar de trabajo, de paso, o de protecci\u00f3n seguro para la construcci\u00f3n, mantenimiento industrial, &#8230;<\/p>\n","protected":false},"author":1,"featured_media":0,"parent":0,"menu_order":0,"comment_status":"closed","ping_status":"closed","template":"","meta":{"footnotes":""},"class_list":["post-49","page","type-page","status-publish","hentry"],"_links":{"self":[{"href":"https:\/\/andamioscolma.com\/index.php\/wp-json\/wp\/v2\/pages\/49","targetHints":{"allow":["GET"]}}],"collection":[{"href":"https:\/\/andamioscolma.com\/index.php\/wp-json\/wp\/v2\/pages"}],"about":[{"href":"https:\/\/andamioscolma.com\/index.php\/wp-json\/wp\/v2\/types\/page"}],"author":[{"embeddable":true,"href":"https:\/\/andamioscolma.com\/index.php\/wp-json\/wp\/v2\/users\/1"}],"replies":[{"embeddable":true,"href":"https:\/\/andamioscolma.com\/index.php\/wp-json\/wp\/v2\/comments?post=49"}],"version-history":[{"count":25,"href":"https:\/\/andamioscolma.com\/index.php\/wp-json\/wp\/v2\/pages\/49\/revisions"}],"predecessor-version":[{"id":258,"href":"https:\/\/andamioscolma.com\/index.php\/wp-json\/wp\/v2\/pages\/49\/revisions\/258"}],"wp:attachment":[{"href":"https:\/\/andamioscolma.com\/index.php\/wp-json\/wp\/v2\/media?parent=49"}],"curies":[{"name":"wp","href":"https:\/\/api.w.org\/{rel}","templated":true}]}}

Civil/Edificación

<div class="wp-block-columns is-layout-flex wp-container-core-columns-is-layout-9d6595d7 wp-block-columns-is-layout-flex">
<div class="wp-block-column is-layout-flow wp-block-column-is-layout-flow">
<p><strong><mark style="background-color:rgba(0, 0, 0, 0)" class="has-inline-color has-black-color">ANDAMIOS DE FACHADA:</mark></strong><mark style="background-color:rgba(0, 0, 0, 0)" class="has-inline-color has-black-color"><strong>&nbsp;</strong>Los andamios de trabajo prefabricados, sistema modular son estructuras tubulares provisionales para proporcionar un lugar de trabajo, de paso, o de protección seguro para la construcción, mantenimiento industrial, construcción naval, reparación o demolición de edificios. Según se haya definido su uso, los andamios pueden cumplir la función de habilitar superficies de trabajo, protección horizontal o perimetral, de servicio para circulación de operarios y materiales conectando diferentes zonas.</mark><br><br><br><br></p>
</div>



<div class="wp-block-column is-layout-flow wp-block-column-is-layout-flow">
<div class="wp-block-group is-content-justification-center is-nowrap is-layout-flex wp-container-core-group-is-layout-94bc23d7 wp-block-group-is-layout-flex">
<div style="height:100px;width:0px" aria-hidden="true" class="wp-block-spacer wp-container-content-6388d5dc"></div>



<figure class="wp-block-image size-full is-resized"><img loading="lazy" decoding="async" width="853" height="480" src="http://andamioscolma.com/wp-content/uploads/2025/05/Civil-Edificacion.jpg" alt="" class="wp-image-31" style="width:370px;height:auto" srcset="https://andamioscolma.com/wp-content/uploads/2025/05/Civil-Edificacion.jpg 853w, https://andamioscolma.com/wp-content/uploads/2025/05/Civil-Edificacion-300x169.jpg 300w, https://andamioscolma.com/wp-content/uploads/2025/05/Civil-Edificacion-768x432.jpg 768w" sizes="auto, (max-width: 853px) 100vw, 853px" /></figure>
</div>
</div>
</div>



<div class="wp-block-columns is-layout-flex wp-container-core-columns-is-layout-9d6595d7 wp-block-columns-is-layout-flex">
<div class="wp-block-column is-layout-flow wp-block-column-is-layout-flow"><div class="wp-block-image">
<figure class="aligncenter size-full is-resized"><img loading="lazy" decoding="async" width="341" height="423" src="http://andamioscolma.com/wp-content/uploads/2025/05/image-1.png" alt="" class="wp-image-195" style="width:276px;height:auto" srcset="https://andamioscolma.com/wp-content/uploads/2025/05/image-1.png 341w, https://andamioscolma.com/wp-content/uploads/2025/05/image-1-242x300.png 242w" sizes="auto, (max-width: 341px) 100vw, 341px" /></figure>
</div></div>



<div class="wp-block-column is-layout-flow wp-block-column-is-layout-flow">
<p></p>



<p></p>



<p><strong><mark style="background-color:rgba(0, 0, 0, 0)" class="has-inline-color has-black-color">ANDAMIO MULTIDIRECCIONAL:</mark></strong><mark style="background-color:rgba(0, 0, 0, 0)" class="has-inline-color has-black-color"><strong> </strong>El andamio multidireccional está diseñado para dar respuesta a    las necesidades de montaje más complejas. Su gran capacidad de carga y una amplia gama de piezas le confieren versatilidad de uso, permitiendo la adaptación del mismo a las estructuras más difíciles. Dispone de barandilla de seguridad permanente para garantizar la seguridad del usuario en todo momento. El fundamento esencial del sistema está basado en las uniones verticales con anillos de 8 posiciones a intervalos de 50 cm, donde se unen las horizontales y las diagonales.</mark><br><br><br><br><br><br><br><br></p>
</div>
</div>



<div class="wp-block-columns is-layout-flex wp-container-core-columns-is-layout-9d6595d7 wp-block-columns-is-layout-flex">
<div class="wp-block-column is-layout-flow wp-block-column-is-layout-flow">
<p></p>



<p></p>



<p><strong><mark style="background-color:rgba(0, 0, 0, 0)" class="has-inline-color has-black-color">CIMBRAS:</mark></strong><mark style="background-color:rgba(0, 0, 0, 0)" class="has-inline-color has-black-color"><strong> </strong>Las cimbras son estructuras auxiliares empleadas como sistema de Apoyo y sustentación provisional para la ejecución de estructuras de hormigón en obras de edificación y obras civiles, así como de otras estructuras (por ejemplo, sistemas de encofrado, escenarios, etc.). Las funciones principales de este equipo de trabajo son las siguientes: • Soportar las cargas al verter el hormigón en estado fresco y hasta que éste haya alcanzado la resistencia adecuada. • Absorber las cargas de elementos estructurales, instalaciones y equipos que surgen durante la construcción. • Dar soporte temporal a los elementos estructurales, materiales, y equipos que se empleen durante la ejecución.</mark><br><br><br><br><br><br><br></p>
</div>



<div class="wp-block-column is-layout-flow wp-block-column-is-layout-flow">
<div class="wp-block-group is-content-justification-center is-nowrap is-layout-flex wp-container-core-group-is-layout-94bc23d7 wp-block-group-is-layout-flex">
<div style="height:100px;width:0px" aria-hidden="true" class="wp-block-spacer wp-container-content-6388d5dc"></div>



<figure class="wp-block-image size-full is-resized"><img loading="lazy" decoding="async" width="360" height="480" src="http://andamioscolma.com/wp-content/uploads/2025/05/image-2.png" alt="" class="wp-image-199" style="width:228px;height:auto" srcset="https://andamioscolma.com/wp-content/uploads/2025/05/image-2.png 360w, https://andamioscolma.com/wp-content/uploads/2025/05/image-2-225x300.png 225w" sizes="auto, (max-width: 360px) 100vw, 360px" /></figure>
</div>
</div>
</div>



<div class="wp-block-columns is-layout-flex wp-container-core-columns-is-layout-9d6595d7 wp-block-columns-is-layout-flex">
<div class="wp-block-column is-layout-flow wp-block-column-is-layout-flow">
<div class="wp-block-group is-content-justification-center is-nowrap is-layout-flex wp-container-core-group-is-layout-94bc23d7 wp-block-group-is-layout-flex">
<figure class="wp-block-image is-resized"><img decoding="async" src="https://www.andamioscolma.com/sites/default/files/galeria/torres.jpg" alt="" style="width:308px;height:auto"/></figure>



<div style="height:100px;width:0px" aria-hidden="true" class="wp-block-spacer wp-container-content-9760934e"></div>
</div>
</div>



<div class="wp-block-column is-layout-flow wp-block-column-is-layout-flow">
<p><strong><mark style="background-color:rgba(0, 0, 0, 0)" class="has-inline-color has-black-color">TORRES DE ACCESO:</mark></strong><mark style="background-color:rgba(0, 0, 0, 0)" class="has-inline-color has-black-color"><strong>&nbsp;</strong>Las torres de acceso son estructuras de andamio tubular montadas utilizando elementos prefabricados y capaces de salvar diferentes desniveles con la única finalidad de facilitar el tránsito entre diferentes alturas en la construcción, la industria y la rehabilitación principalmente, ofreciendo una cómoda superficie de paso y acorde capacidad de carga. El conjunto más simple se apoya sobre cuatro montantes verticales nivelados con la ayuda de cuatro husillos de adecuada capacidad de carga, que se completa con los tramos de escalera y opcionalmente con plataformas para crear rellanos y facilitar la circulación. Torre de acceso en paralelo en un sistema de andamio multidireccional.</mark><br><br><br><br></p>
</div>
</div>



<div class="wp-block-columns is-layout-flex wp-container-core-columns-is-layout-9d6595d7 wp-block-columns-is-layout-flex">
<div class="wp-block-column is-layout-flow wp-block-column-is-layout-flow">
<p><strong><mark style="background-color:rgba(0, 0, 0, 0)" class="has-inline-color has-black-color">TORRRES MOVILES:</mark></strong><mark style="background-color:rgba(0, 0, 0, 0)" class="has-inline-color has-black-color">&nbsp;En la industria en general y en el sector de la construcción en particular, existen cantidad de trabajos de acabado, reparación y mantenimiento en los que no está justificado el montaje de un andamio fijo, pero sí la utilización de una torre de trabajo móvil; este equipo se monta con relativa facilidad y al poder trasladarse puede estar permanentemente montado.</mark><br><br></p>
</div>



<div class="wp-block-column is-layout-flow wp-block-column-is-layout-flow">
<div class="wp-block-group is-content-justification-center is-nowrap is-layout-flex wp-container-core-group-is-layout-94bc23d7 wp-block-group-is-layout-flex">
<div style="height:100px;width:0px" aria-hidden="true" class="wp-block-spacer wp-container-content-6388d5dc"></div>



<figure class="wp-block-image is-resized"><img decoding="async" src="https://www.andamioscolma.com/sites/default/files/galeria/movil.jpg" alt="" style="width:304px;height:auto"/></figure>
</div>
</div>
</div>

<p>ANDAMIOS DE FACHADA:&nbsp;Los andamios de trabajo prefabricados, sistema modular son estructuras tubulares provisionales para proporcionar un lugar de trabajo, de paso, o de protección seguro para la construcción, mantenimiento industrial, &#8230;</p>
