{"id":304,"date":"2025-05-19T11:48:14","date_gmt":"2025-05-19T09:48:14","guid":{"rendered":"http:\/\/andamioscolma.com\/?page_id=304"},"modified":"2025-05-19T11:48:16","modified_gmt":"2025-05-19T09:48:16","slug":"aviso-legal","status":"publish","type":"page","link":"https:\/\/andamioscolma.com\/index.php\/aviso-legal\/","title":{"rendered":"Aviso legal"},"content":{"rendered":"\n<p><strong><mark style=\"background-color:rgba(0, 0, 0, 0)\" class=\"has-inline-color has-black-color\">AVISO LEGAL: Recogida de datos en p\u00e1gina web (LSSICE + LOPD)<\/mark><\/strong><\/p>\n\n\n\n<p><mark style=\"background-color:rgba(0, 0, 0, 0)\" class=\"has-inline-color has-black-color\">\u00abEn cumplimiento de lo establecido en la Ley Org\u00e1nica 15\/1999, el 13 de diciembre, de Protecci\u00f3n de Datos de\u00a0Car\u00e1cter Personal, le informamos que mediante la cumplimentaci\u00f3n del presente formulario, sus datos personales\u00a0quedar\u00e1n incorporados y ser\u00e1n tratados en un fichero de titularidad MONTAJES Y ANDAMIOS COLMA, S.L. con la\u00a0finalidad de poder gestionar su solicitud.<\/mark><\/p>\n\n\n\n<p><mark style=\"background-color:rgba(0, 0, 0, 0)\" class=\"has-inline-color has-black-color\">Asimismo, salvo que usted manifieste expresamente lo contrario, se podr\u00e1n utilizar sus datos personales para\u00a0mantenerle informado de noticias y novedades relacionadas con sus servicios.<\/mark><\/p>\n\n\n\n<p><mark style=\"background-color:rgba(0, 0, 0, 0)\" class=\"has-inline-color has-black-color\">Asimismo, le informamos de la posibilidad de que ejerza los derechos de acceso, rectificaci\u00f3n, cancelaci\u00f3n y\u00a0oposici\u00f3n de sus datos de car\u00e1cter personal mediante correo electr\u00f3nico dirigido a\u00a0<a href=\"mailto:andamios.colma@gmail.com\">andamios.colma@gmail.com<\/a>\u00a0o\u00a0bien mediante escrito dirigido a MONTAJES Y ANDAMIOS COLMA, S.L., MALAGA (MALAGA), C.P. 29014, AVDA.\u00a0NUESTRA SE\u00d1ORA DE LAS GUIAS, 1, 10\u00ba, 3, acompa\u00f1ando fotocopia de su D.N.I.\u00bb\u00a0<\/mark><\/p>\n\n\n\n<p><strong><mark style=\"background-color:rgba(0, 0, 0, 0)\" class=\"has-inline-color has-black-color\">LEGAL NOTICE:<\/mark><\/strong><\/p>\n\n\n\n<p><mark style=\"background-color:rgba(0, 0, 0, 0)\" class=\"has-inline-color has-black-color\">\u00abIn Compliance with the provisions of Law 15\/1999 of 13th December on the Personal Data Protection, we inform you\u00a0that by completing this form, your personal data will be stored and processed in a file owned by MONTAJES Y\u00a0ANDAMIOS COLMA, S.L., with the aim of handling your order.\u00a0Also, unless you explicitly expresses otherwise, we may use your personal data to keep you informed of news and\u00a0developments related to our services.<\/mark><\/p>\n\n\n\n<p><mark style=\"background-color:rgba(0, 0, 0, 0)\" class=\"has-inline-color has-black-color\">We also inform you could exercise rights of access, rectification, cancellation and opposition of your personal data by\u00a0email\u00a0<a href=\"mailto:andamios.colma@gmail.com\">andamios.colma@gmail.com<\/a>\u00a0or by letter addressed to MONTAJES Y ANDAMIOS COLMA, S.L., MALAGA\u00a0(MALAGA), C.P. 29014, AVDA. NUESTRA SE\u00d1ORA DE LAS GUIAS, 1, 10\u00ba, 3, beside a copy of dentity card\/\u00a0passport.\u00bb<\/mark><\/p>\n\n\n\n<p><\/p>\n","protected":false},"excerpt":{"rendered":"<p>AVISO LEGAL: Recogida de datos en p\u00e1gina web (LSSICE + LOPD) \u00abEn cumplimiento de lo establecido en la Ley Org\u00e1nica 15\/1999, el 13 de diciembre, de Protecci\u00f3n de Datos de\u00a0Car\u00e1cter &#8230;<\/p>\n","protected":false},"author":1,"featured_media":0,"parent":0,"menu_order":0,"comment_status":"closed","ping_status":"closed","template":"","meta":{"footnotes":""},"class_list":["post-304","page","type-page","status-publish","hentry"],"_links":{"self":[{"href":"https:\/\/andamioscolma.com\/index.php\/wp-json\/wp\/v2\/pages\/304","targetHints":{"allow":["GET"]}}],"collection":[{"href":"https:\/\/andamioscolma.com\/index.php\/wp-json\/wp\/v2\/pages"}],"about":[{"href":"https:\/\/andamioscolma.com\/index.php\/wp-json\/wp\/v2\/types\/page"}],"author":[{"embeddable":true,"href":"https:\/\/andamioscolma.com\/index.php\/wp-json\/wp\/v2\/users\/1"}],"replies":[{"embeddable":true,"href":"https:\/\/andamioscolma.com\/index.php\/wp-json\/wp\/v2\/comments?post=304"}],"version-history":[{"count":1,"href":"https:\/\/andamioscolma.com\/index.php\/wp-json\/wp\/v2\/pages\/304\/revisions"}],"predecessor-version":[{"id":306,"href":"https:\/\/andamioscolma.com\/index.php\/wp-json\/wp\/v2\/pages\/304\/revisions\/306"}],"wp:attachment":[{"href":"https:\/\/andamioscolma.com\/index.php\/wp-json\/wp\/v2\/media?parent=304"}],"curies":[{"name":"wp","href":"https:\/\/api.w.org\/{rel}","templated":true}]}}

<p><strong><mark style="background-color:rgba(0, 0, 0, 0)" class="has-inline-color has-black-color">AVISO LEGAL: Recogida de datos en página web (LSSICE + LOPD)</mark></strong></p>



<p><mark style="background-color:rgba(0, 0, 0, 0)" class="has-inline-color has-black-color">«En cumplimiento de lo establecido en la Ley Orgánica 15/1999, el 13 de diciembre, de Protección de Datos de Carácter Personal, le informamos que mediante la cumplimentación del presente formulario, sus datos personales quedarán incorporados y serán tratados en un fichero de titularidad MONTAJES Y ANDAMIOS COLMA, S.L. con la finalidad de poder gestionar su solicitud.</mark></p>



<p><mark style="background-color:rgba(0, 0, 0, 0)" class="has-inline-color has-black-color">Asimismo, salvo que usted manifieste expresamente lo contrario, se podrán utilizar sus datos personales para mantenerle informado de noticias y novedades relacionadas con sus servicios.</mark></p>



<p><mark style="background-color:rgba(0, 0, 0, 0)" class="has-inline-color has-black-color">Asimismo, le informamos de la posibilidad de que ejerza los derechos de acceso, rectificación, cancelación y oposición de sus datos de carácter personal mediante correo electrónico dirigido a <a href="mailto:andamios.colma@gmail.com">andamios.colma@gmail.com</a> o bien mediante escrito dirigido a MONTAJES Y ANDAMIOS COLMA, S.L., MALAGA (MALAGA), C.P. 29014, AVDA. NUESTRA SEÑORA DE LAS GUIAS, 1, 10º, 3, acompañando fotocopia de su D.N.I.» </mark></p>



<p><strong><mark style="background-color:rgba(0, 0, 0, 0)" class="has-inline-color has-black-color">LEGAL NOTICE:</mark></strong></p>



<p><mark style="background-color:rgba(0, 0, 0, 0)" class="has-inline-color has-black-color">«In Compliance with the provisions of Law 15/1999 of 13th December on the Personal Data Protection, we inform you that by completing this form, your personal data will be stored and processed in a file owned by MONTAJES Y ANDAMIOS COLMA, S.L., with the aim of handling your order. Also, unless you explicitly expresses otherwise, we may use your personal data to keep you informed of news and developments related to our services.</mark></p>



<p><mark style="background-color:rgba(0, 0, 0, 0)" class="has-inline-color has-black-color">We also inform you could exercise rights of access, rectification, cancellation and opposition of your personal data by email <a href="mailto:andamios.colma@gmail.com">andamios.colma@gmail.com</a> or by letter addressed to MONTAJES Y ANDAMIOS COLMA, S.L., MALAGA (MALAGA), C.P. 29014, AVDA. NUESTRA SEÑORA DE LAS GUIAS, 1, 10º, 3, beside a copy of dentity card/ passport.»</mark></p>



<p></p>

<p>AVISO LEGAL: Recogida de datos en página web (LSSICE + LOPD) «En cumplimiento de lo establecido en la Ley Orgánica 15/1999, el 13 de diciembre, de Protección de Datos de Carácter &#8230;</p>
